{"id":461,"date":"2011-04-04T19:05:05","date_gmt":"2011-04-04T18:05:05","guid":{"rendered":"http:\/\/ruiz-martin.de\/?page_id=461"},"modified":"2011-04-05T09:27:12","modified_gmt":"2011-04-05T08:27:12","slug":"haftungsausschluss","status":"publish","type":"page","link":"https:\/\/ruiz-martin.de\/?page_id=461","title":{"rendered":"Haftungsausschluss"},"content":{"rendered":"<p>Verantwortlich f\u00fcr die Inhalte extern verlinkter Seiten sind ausschlie\u00dflich deren Betreiber.<br \/>\nZum  Zeitpunkt der Verlinkung waren die Links nicht rechtswidrig. Eine  st\u00e4ndige \u00dcberpr\u00fcfung dieser Inhalte auf Rechtsverst\u00f6\u00dfe ist nicht  m\u00f6glich.<br \/>\nIch distanziere mich hiermit ausdr\u00fccklich von allen gesetzes- und sittenwidrigen, unseri\u00f6sen, vertragsverletzenden oder nicht nutzungskonformen Inhalten.<\/p>\n<p>Die in der Website enthaltenen Textbeitr\u00e4ge und  Abbildungen sind urheberrechtlich gesch\u00fctzt.<br \/>\nAlle Teile der Website  unterliegen dem Copyright und sind urheberrechtlich als Datensammelwerk  gesch\u00fctzt.<br \/>\nJede Verwertung bedarf der schriftlichen Zustimmung des  Copyright-Inhabers Michael Ruiz-Martin.<\/p>\n<table style=\"height: 68px;\" border=\"0\" cellspacing=\"0\" cellpadding=\"0\" width=\"237\">\n<tbody>\n<tr>\n<td colspan=\"2\"><\/td>\n<\/tr>\n<tr>\n<td><\/td>\n<td align=\"right\" valign=\"bottom\"><\/td>\n<\/tr>\n<tr>\n<td colspan=\"2\"><span class=\"teasertext\"> <\/span><\/td>\n<\/tr>\n<tr>\n<td><\/td>\n<td align=\"right\" valign=\"bottom\"><\/td>\n<\/tr>\n<tr>\n<td colspan=\"2\"><\/td>\n<\/tr>\n<\/tbody>\n<\/table>\n","protected":false},"excerpt":{"rendered":"<p>Verantwortlich f\u00fcr die Inhalte extern verlinkter Seiten sind ausschlie\u00dflich deren Betreiber. Zum Zeitpunkt der Verlinkung waren die Links nicht rechtswidrig. Eine st\u00e4ndige \u00dcberpr\u00fcfung dieser Inhalte auf Rechtsverst\u00f6\u00dfe ist nicht m\u00f6glich. Ich distanziere mich hiermit ausdr\u00fccklich von allen gesetzes- und sittenwidrigen, unseri\u00f6sen, vertragsverletzenden oder nicht nutzungskonformen Inhalten. Die in der Website enthaltenen Textbeitr\u00e4ge und Abbildungen sind [&hellip;]<\/p>\n","protected":false},"author":1,"featured_media":0,"parent":2,"menu_order":1,"comment_status":"closed","ping_status":"closed","template":"","meta":{"ngg_post_thumbnail":0},"_links":{"self":[{"href":"https:\/\/ruiz-martin.de\/index.php?rest_route=\/wp\/v2\/pages\/461"}],"collection":[{"href":"https:\/\/ruiz-martin.de\/index.php?rest_route=\/wp\/v2\/pages"}],"about":[{"href":"https:\/\/ruiz-martin.de\/index.php?rest_route=\/wp\/v2\/types\/page"}],"author":[{"embeddable":true,"href":"https:\/\/ruiz-martin.de\/index.php?rest_route=\/wp\/v2\/users\/1"}],"replies":[{"embeddable":true,"href":"https:\/\/ruiz-martin.de\/index.php?rest_route=%2Fwp%2Fv2%2Fcomments&post=461"}],"version-history":[{"count":0,"href":"https:\/\/ruiz-martin.de\/index.php?rest_route=\/wp\/v2\/pages\/461\/revisions"}],"up":[{"embeddable":true,"href":"https:\/\/ruiz-martin.de\/index.php?rest_route=\/wp\/v2\/pages\/2"}],"wp:attachment":[{"href":"https:\/\/ruiz-martin.de\/index.php?rest_route=%2Fwp%2Fv2%2Fmedia&parent=461"}],"curies":[{"name":"wp","href":"https:\/\/api.w.org\/{rel}","templated":true}]}}